t n(w) = 2*w**3 - 9*w**2 - w - 13. Is n(18) prime?
False
Let j(x) = -10*x**2 - 2*x + 5. Let h(c) = 30*c**2 + 6*c - 16. Let b(u) = -3*h(u) - 10*j(u). Let s be 32/(-10) + (-2)/(-10). Is b(s) a composite number?
True
Suppose 371 = -11*q + 11580. Is q a composite number?
False
Is (-10)/(-30)*(0 - -138903) a composite number?
False
Let f = -48 + 58. Let z(g) = -g**3 + 15*g**2 - 13*g + 3. Is z(f) prime?
True
Is 198414/9 + 20/4 a composite number?
False
Suppose -5*r = 3*v + 4, -5*v - 19 = -r - 3*r. Is 211/(3*r/3) a composite number?
False
Suppose -8*l = -12*l - 12. Let n(t) = -387*t - 7. Is n(l) prime?
False
Let i = 17899 - 9998. Is i prime?
True
Let k be (12/10)/((-58)/(-435)). Is (-4)/k - 20780/(-18) composite?
True
Let n(i) = 13*i**2 - 3*i - 3. Suppose 2*a - 2*z + 7*z = -10, 3*a - 2*z - 23 = 0. Is n(a) a prime number?
True
Let u be (-4)/(-6) + (-62)/(-6). Suppose 4 = 5*g - u. Suppose 2*a - 59 + 15 = -2*j, 45 = g*a - 4*j. Is a a prime number?
True
Let l(q) = q**3 - q**2 - 3*q - 12. Let x be l(7). Let g = x - 172. Is g a prime number?
True
Let h = 18 - 14. Suppose -193 = -3*x - h*n, -4*x = -5*n - 140 - 76. Is x a composite number?
False
Let a(r) = -r**3 + 0*r**3 - 5*r - 3*r**3 + 5 + 6*r**2 + 3*r**3. Let m be a(5). Suppose -m*p + 10 = 0, -4*y + 659 = y + 2*p. Is y a composite number?
False
Let c be 5/(-10)*0*(2 + -3). Suppose r + 189 - 1340 = c. Is r composite?
False
Is (-16)/(-40) - (15416/(-10) + -1) a prime number?
True
Let s = -7388 + 13027. Is s prime?
True
Let d(y) = -29*y - 11. Let o be d(-15). Suppose o = 3*k - a, 4*a - 3*a = -1. Is k a composite number?
True
Suppose 8*n = 2957 + 92331. Is n composite?
True
Suppose -3*o + 10344 = 3*g, 0*o + 4*o = -g + 3463. Is g a composite number?
True
Let g(d) = 10*d**2 - 60*d - 89. Is g(36) a composite number?
False
Let l = 12880 + 145579. Is l a composite number?
True
Let s be (-1)/(5 + -4) + 3726. Let o = 5366 - s. Is o composite?
True
Suppose 2*g = 2*s + 5*g - 1489, 3023 = 4*s - 3*g. Let o = s - 379. Is o a prime number?
True
Suppose 9219 - 2239 = 5*y + j, -y - 2*j = -1387. Is y composite?
True
Let f(p) = -36*p**2 + 2*p - 3. Let x be f(2). Suppose -5*o = -o - 1168. Let i = o + x. Is i a composite number?
False
Let v(p) be the first derivative of 553*p**3/3 - p**2/2 + p - 20. Is v(1) a prime number?
False
Suppose 2439 = -66*l + 75*l. Suppose -498 = -3*z - 3*i, -5*z + 4*i + 794 = -0*z. Let a = l - z. Is a prime?
True
Let l(w) = 14*w**3 - 2*w**2 - 5*w + 6. Let v be l(3). Suppose y = -3*c + 326, -y + 0*c + 2*c + v = 0. Is y a prime number?
False
Suppose 3*p - c - 1651 = 191, -5*c - 1241 = -2*p. Suppose 4647 = 4*q - p. Is q composite?
True
Let o(v) be the first derivative of -v**4/4 + 16*v**3/3 - 15*v**2/2 + 2*v - 3. Let s be o(15). Is (1 + s)*(-5 + 42) composite?
True
Let l(s) = -13*s - 13*s - 9*s + 33*s + 7 - 7*s**2 - s**3. Let d(x) = x**2 - 5*x - 3. Let i be d(4). Is l(i) prime?
False
Suppose 5*m - m = -2*d - 14, -33 = 3*d + 2*m. Let g = 19 + d. Suppose g*r - 84 = -0*r. Is r a prime number?
False
Let g(a) be the first derivative of 113*a**3/3 + a**2 + a + 19. Is g(-2) a composite number?
False
Let x = -1165 + 1751. Is (x/(-6))/(1/(-3)) a prime number?
True
Suppose 0 = 4*d - 3*b - 28424, 4*b - 7087 = -6*d + 5*d. Is d composite?
False
Let m be 1*(26/2 - 0). Let g = 537 - 533. Suppose -g*j - 125 = -5*h, -h + j + 12 = -m. Is h composite?
True
Suppose 14*d = d + 19669. Is d a composite number?
True
Is 2 - 48/20 - 6141/(-15) a prime number?
True
Let x be (4 + -11 + 1)/(-2). Let j be 709 - x/(3/(-4)). Let t = j - -406. Is t a composite number?
True
Suppose 34*r - 36*r = 0, 2*j - r = 41014. Is j composite?
False
Let w = 6961 + -4423. Let x = -1507 + w. Is x composite?
False
Let j = -637 + 30. Let m = j - -1026. Is m composite?
False
Suppose 0 = -5*a + 2*v + 29 - 11, -5*a - 3*v = 2. Suppose -5*w + 5375 = -5*x, a*w = -2*x - 2*x + 2174. Is w composite?
True
Suppose -13*s = -15*s + 8770. Suppose 0*q = -5*q + s. Is q composite?
False
Let z be ((-8)/(-5))/(32/(-80)). Is -1 - z - -316*3/3 a prime number?
False
Suppose 0 = 19*g - 165273 - 23986. Is g composite?
True
Let b(x) = 265*x**2 + 3*x + 3. Let s(m) = 133*m**2 + m + 1. Let a(l) = -2*b(l) + 5*s(l). Is a(-2) a prime number?
True
Let z = -146 + 68. Let h be 13/((-3)/z*2). Suppose 2*d + 2*a - h = -3*a, -5*d = -a - 436. Is d prime?
False
Suppose -2*h = -6*h + 8. Suppose 5*z = h*z + 12. Suppose 0 = -z*i - 0*i + 344. Is i composite?
True
Is 14595 - 8/12*(-4 - -10) composite?
False
Suppose -25 = -5*c + 5*n, 5 = 5*c + 2*n + 8. Suppose -16*g + c = -95. Is g composite?
True
Let j = 17 + 950. Is j a prime number?
True
Let z be 2808/(-20) - (-6)/15. Let t = z - -433. Is t a prime number?
True
Suppose -1330 = -5*l - 3*f, 3*l + 5*f - 881 + 67 = 0. Let n = -12 + l. Is n a composite number?
False
Let j = 2073 + -419. Is j a composite number?
True
Let o = 6778 + -1407. Is o composite?
True
Is 757859/4 - (-36)/16 composite?
False
Let q = 10 + -6. Suppose q*t = 2*t + 8. Suppose t*n = -0*n + 2*y + 1524, -4*n = y - 1524. Is n a composite number?
True
Suppose 11 + 9 = 4*k. Suppose -4*o - k*s = 2373, 2*o - 5*s + 1423 = 214. Let y = -343 - o. Is y prime?
False
Let u = -32550 - -58763. Is u a prime number?
False
Let i = 15341 - -10812. Is i a prime number?
True
Suppose -w = -3*w + 4. Suppose 124 = -w*t + 4*t. Suppose 0 = -3*d + d + t. Is d prime?
True
Suppose l = 7 - 21. Let r be (l + 30)*(-1)/(-2). Is 2*4/(r/31) a composite number?
False
Suppose -2*y = -0*y. Is 92/8*22 + y prime?
False
Let d = -59130 - -28908. Is d/(-34) - 4/(-34)*1 a composite number?
True
Suppose 3*a + 5*t = 7*t + 74999, -4*a = 2*t - 99980. Is a prime?
False
Suppose 0*b - 18 = -3*b. Let n = b + 4. Is 15288/65 - 2/n prime?
False
Suppose -l + 6*l - 11000 = 0. Suppose -6*w + 1466 = -l. Is w composite?
True
Suppose 0 = -i - 2*q + 215, 209 = i + 4*q - 0*q. Is i a prime number?
False
Let s(z) = -3*z - 4. Let r be s(-3). Suppose -4*g - 3 - r = 0. Is -254*g/(-8)*-2 prime?
True
Suppose 6*l = 48 - 228. Let p = l - -38. Suppose -745 = -p*h + 3*h. Is h composite?
False
Suppose -4*v = 0, -3*g + 0*v + 119271 = -5*v. Is g prime?
False
Suppose -7*d + 9*d = 0. Suppose -3*w + 5*c = d, 0 = -3*w - 2*w - c. Suppose w = 3*j - 4*j + 211. Is j composite?
False
Let r(y) = y + 12. Let w be r(-10). Suppose 0 = l - w*l. Suppose -2*s - g + 167 = l, -4*g - 154 - 174 = -4*s. Is s a composite number?
False
Suppose l + 2 = 5. Suppose 0 = -0*w - l*w. Suppose -5*r - 8*b + 4*b + 283 = w, 2*r = -2*b + 112. Is r a prime number?
True
Suppose -4*r + 28593 = 3*i - 0*r, 0 = -i - 5*r + 9542. Is i composite?
True
Suppose -11*v + 381788 = 36751. Is v a prime number?
False
Let v = 9789 - 6742. Is v composite?
True
Let r be (-94)/(-8) - (-1)/4. Is (-18)/r - 879/(-6) a composite number?
True
Suppose 5*j + 0*j - 4435 = 0. Is j prime?
True
Let u be 2/(-14) - 775/(-35). Is (-4)/u + (-27015)/(-55) a prime number?
True
Suppose 5*p = -2*j + 52983, 0 = p + 2*p - 5*j - 31796. Is p a prime number?
True
Let b = 3 + -19. Let u = 7 - 10. Is 127/u*(b - -13) a prime number?
True
Suppose 0 = p - 2*k - 1, -p = -0*p - 3*k - 6. Let r(j) = -5*j - 28 + 17 + 23. Is r(p) prime?
False
Suppose 2*j + 3*k = -5598, -556 - 10618 = 4*j - 5*k. Let v be j/(-14) + 2/7. Suppose 5*m - 4*f = 253, 4*m + 0*f = 2*f + v. Is m composite?
True
Let j be 1/(1 - 10/9). Let x(s) = s**2 + 10*s + 13. Let v be x(j). Suppose -v*w + 4*m + 443 = w, -2*w + 191 = 3*m. Is w prime?
False
Suppose 4*t - 1 = 3. Let m(x) = 2*x. Let g be m(t). Suppose -k - g*p + 44 = -21, -5*k + 337 = -2*p. Is k a composite number?
False
Suppose x - 4*j + 8 - 22 = 0, 2*x = -2*j + 8. Is (x/(-4))/(765/130 - 6) a prime number?
True
Let l(w) = -19*w**3 - w**2 - 4*w + 5. Let r be 2*2*12/(-16). Is l(r) a prime number?
True
Suppose -12*y + 13*y = -3. Is y/((-7308)/(-2438) - 3) a prime number?
False
Suppose 53*w + 2216 = 45*w. Suppose 0 = -s + 5*s + 648. Let a = s - w. Is a a composite number?
True
Suppose -3232 = -6*j + 2*j - 3*t, 2*t = 8. Let z = 1452 - j. Is z a composite number?
False
Suppose -i + 12795 = -4*x + 4716, 0 = -2*x - 10. Is i prime?
True
Suppose 0 = -39*f + 235617 + 63474. Is f composite?
False
Suppose -40*t = -0*t - 436120. Is t composite?
False
Suppose 6*t = -2*t + 2584. Is t a composite number?
True
Let r = -8401 - -16299. Supp